2)?
-95
Let z(n) = 12*n**2 - 74*n - 939. What is z(-14)?
2449
Let q(h) = -21*h**2 - 94*h - 334. Calculate q(-4).
-294
Let g(k) = 824*k**2 + 13294*k + 1754. What is g(-16)?
-6
Let r(x) = 10*x**3 + 439*x**2 - 94*x - 1923. Give r(-44).
277
Let m(c) = -19509*c + 1268021. What is m(65)?
-64
Let j(a) = -18158*a + 72726. Give j(4).
94
Let x(l) = -13*l**3 - 14*l**2 + 3961*l. What is x(-18)?
-18
Let k(y) = 108*y**2 + 57496*y + 135686. Calculate k(-530).
6
Let y(a) = 1655*a + 4036. Give y(-2).
726
Let o(b) = -6*b**3 - 67*b**2 - 61*b + 81. Give o(-10).
-9
Let k(q) = -46*q**2 - 4024*q + 6324. Calculate k(-89).
94
Let i(w) = -155*w**2 - 9916*w + 256. Give i(-64).
0
Let j(u) = -u**3 - 66*u**2 - 754*u + 138. What is j(-15)?
-27
Let x(i) = -i**3 + 182*i**2 - 444*i - 16638. Calculate x(179).
9
Let l(t) = 14353*t + 416218. Determine l(-29).
-19
Let r(c) = 7597*c + 22970. Give r(-3).
179
Let x(q) = -42*q - 7156. Calculate x(-133).
-1570
Let n(v) = -2*v**3 - 107*v**2 - 581*v + 1651. What is n(-47)?
241
Let m(s) = -s**3 - 825*s**2 + 30987*s - 7726. Calculate m(-861).
23
Let u(h) = 965*h - 54032. Determine u(56).
8
Let r(g) = 220645*g + 1544498. What is r(-7)?
-17
Let q(h) = 4352*h + 4342. Calculate q(-1).
-10
Let s(h) = 5*h**2 + 1549*h + 4287. Determine s(-307).
-11
Let w(l) = -l**3 + 85*l**2 - 257*l + 779. Calculate w(82).
-123
Let c(z) = 8*z**3 - 187*z**2 - 506*z + 13276. What is c(23)?
51
Let w(y) = -6*y**3 + 30*y**2 - 382*y + 2543. Determine w(6).
35
Let l(z) = 257840*z + 773494. What is l(-3)?
-26
Let o(m) = -12*m**3 - 64*m**2 + 155*m - 93. Give o(1).
-14
Let g(i) = -14*i**2 + 334*i - 1297. What is g(4)?
-185
Let q(r) = 2*r**3 - 43*r**2 + 276*r - 519. What is q(6)?
21
Let x(k) = -652*k + 384672. Determine x(590).
-8
Let q(v) = v**3 + 4*v**2 + 223*v + 1754. Give q(-7).
46
Let o(p) = -p**3 + 21*p**2 + 1001*p - 21918. Give o(23).
47
Let d(u) = 43147*u + 776642. What is d(-18)?
-4
Let s(c) = -c**3 + 3*c**2 + 1164*c - 8. What is s(0)?
-8
Let j(y) = 2*y**3 + 56*y**2 + 401*y - 22. Determine j(-11).
-319
Let x(t) = -742*t**2 + 14076*t + 371. Calculate x(19).
-47
Let b(t) = 8*t**2 - 1002*t + 11557. Determine b(112).
-315
Let p(j) = j**3 + 4*j**2 - 22*j - 57. Calculate p(-10).
-437
Let q(b) = -88403*b - 88394. Give q(-1).
9
Let o(r) = -2*r**2 + 3044*r + 170131. Determine o(-54).
-77
Let j(m) = -m**3 + 9*m**2 + 147*m + 5106. What is j(24)?
-6
Let z(p) = 20*p**2 + 7814*p + 31256. Calculate z(-4).
320
Let b(v) = 860*v + 2511. Determine b(-3).
-69
Let q(a) = -98*a**2 - 706*a - 2581. Determine q(-4).
-1325
Let z(r) = r**2 - 728*r + 126739. Determine z(288).
19
Let d(c) = c**3 + 10*c**2 - 257*c + 204. What is d(-18)?
2238
Let m(v) = v**2 - 18402*v - 239307. Calculate m(-13).
88
Let v(k) = k**3 + 87*k**2 + 4*k + 165. Give v(-87).
-183
Let g(d) = -7967*d - 111638. What is g(-14)?
-100
Let s(z) = -18*z**2 - 199*z - 1354. Determine s(0).
-1354
Let t(d) = -13*d**2 - 1709*d + 930. Determine t(-132).
6
Let a(w) = 1048*w - 77336. Give a(72).
-1880
Let n(l) = -167*l**2 - 1376*l - 2231. Determine n(-6).
13
Let a(l) = -11228*l + 651231. Determine a(58).
7
Let s(f) = -f**2 - 1215*f - 40161. Calculate s(-34).
-7
Let m(b) = -34414*b - 619440. Determine m(-18).
12
Let s(n) = -2*n**3 - 95*n**2 + 817*n + 10. What is s(8)?
-558
Let b(a) = -a**3 + 15*a**2 - 90*a + 233. Determine b(4).
49
Let b(v) = -2825809*v + 73471031. Give b(26).
-3
Let o(q) = -3*q**3 + 18*q**2 - 1643*q + 3245. Give o(2).
7
Let g(o) = 171*o**2 - 3142*o + 1195. Determine g(18).
43
Let l(b) = -43*b**2 + 1383*b - 6753. Give l(26).
137
Let y(t) = 73*t - 36. What is y(-6)?
-474
Let p(s) = -11*s**2 - 30*s + 405. Calculate p(9).
-756
Let i(c) = -7749*c - 38759. What is i(-5)?
-14
Let p(n) = -3*n**2 + 351*n + 7907. Determine p(-20).
-313
Let a(p) = -5*p**3 - 106*p**2 + 37*p + 1060. What is a(-21)?
-158
Let u(d) = -d**3 + 717*d**2 - 15968*d + 147. Calculate u(23).
9
Let s(k) = -2*k**3 + 49*k**2 - 145*k + 178. Determine s(17).
2048
Let w(l) = -l**2 - 74*l + 479. Determine w(8).
-177
Let r(y) = y**3 - 7*y**2 + 366*y - 2992. Determine r(8).
0
Let k(a) = 39706*a - 278120. What is k(7)?
-178
Let o(z) = -40*z - 1651. Give o(-42).
29
Let f(l) = 5*l**2 - 3499*l + 610141. What is f(370)?
11
Let g(n) = -n**3 - 113*n**2 + 1225*n - 720. Determine g(-123).
-105
Let w(u) = 560*u - 115554. Calculate w(207).
366
Let k(x) = -3119*x**2 + 102925*x + 30. Calculate k(33).
-36
Let q(m) = -38438*m - 1229982. What is q(-32)?
34
Let j(t) = -3*t**3 + 342*t**2 + 718*t - 2472. Calculate j(116).
80
Let p(h) = 10902*h + 2812727. Give p(-258).
11
Let o(k) = 4*k**2 + 109*k - 1716. Calculate o(11).
-33
Let z(y) = 46*y**2 + 372*y - 975. Calculate z(-10).
-95
Let w(k) = -k**2 - 10905*k + 284380. Give w(26).
174
Let f(j) = 9*j**2 - 386*j + 3190. Determine f(9).
445
Let b(t) = 543*t + 42887. Calculate b(-79).
-10
Let n(f) = -17*f**2 + 1258*f + 1196. Determine n(75).
-79
Let w(f) = 23*f**3 + f**2 + 965*f + 1933. Give w(-2).
-177
Let x(v) = -87*v + 4896. What is x(59)?
-237
Let f(x) = 5094*x - 50988. Determine f(10).
-48
Let n(k) = -k**2 - 1804*k + 247536. What is n(128)?
240
Let r(n) = 343*n**3 - 120051*n**2 + 351*n - 315. Calculate r(350).
35
Let q(r) = -r**3 - 75*r**2 + 153*r - 71. Give q(-77).
6
Let f(x) = x**2 + 474*x - 4431. Give f(10).
409
Let k(n) = 3600*n + 36004. Calculate k(-10).
4
Let t(i) = 2*i**3 + 19*i**2 + 415*i + 2800. What is t(-7)?
140
Let c(m) = 15*m**2 + 53748*m + 53749. Give c(-1).
16
Let f(t) = 728*t - 7965. Determine f(10).
-685
Let w(s) = -3346*s + 3367. Give w(1).
21
Let m(b) = -8801*b - 2376265. What is m(-270)?
5
Let w(p) = -4*p**2 + 260*p - 1615. What is w(72)?
-3631
Let u(s) = 2766634*s - 24899713. Determine u(9).
-7
Let k(w) = w**3 - 21*w**2 - 6*w - 730. Determine k(22).
-378
Let v(y) = -740*y + 72891. Give v(98).
371
Let k(y) = 229129*y + 24058521. What is k(-105)?
-24
Let l(s) = s**3 + 133*s**2 - 599*s + 185. Give l(4).
-19
Let b(u) = -59*u**2 + 2447*u - 5715. Give b(39).
-21
Let r(p) = 19*p**2 - 987*p + 532. Give r(48).
-3068
Let z(b) = 97*b**2 + 71*b + 152. Determine z(-2).
398
Let z(u) = 62723*u + 5770509. Calculate z(-92).
-7
Let l(o) = -420*o + 3932. Give l(10).
-268
Let x(y) = -35*y**3 + 9*y**2 + 7*y + 34. What is x(4)?
-2034
Let i(o) = 4*o**3 - 748*o**2 - 767*o + 2816. What is i(188)?
-4
Let p(t) = -5*t**3 - 86*t**2 - 110*t - 228. What is p(-16)?
-4
Let q(x) = 15*x**2 + 5740*x - 11560. Calculate q(2).
-20
Let j(q) = 382*q - 19576. Give j(52).
288
Let o(f) = 42831*f - 128484. What is o(3)?
9
Let j(o) = -o**2 + 1907*o + 23097. Determine j(-12).
69
Let a(y) = -y**2 - 264*y - 8273. Give a(-36).
-65
Let d(f) = 2*f**2 - 446*f + 5828. Give d(209).
-24
Let c(f) = -426280*f - 1278849. Calculate c(-3).
-9
Let l(f) = f**3 - 198*f**2 + 8508*f - 564. Give l(135).
-159
Let u(z) = -z**3 + 93*z**2 - 1961*z + 552. Determine u(61).
3
Let b(f) = 939736*f - 1879466. Give b(2).
6
Let c(k) = -2*k**3 - 122*k**2 - 380*k - 21. Calculate c(-58).
1835
Let p(v) = -32*v - 280. Determine p(-21).
392
Let z(k) = 154*k**3 + 2618*k**2 + 9*k - 84. Calculate z(-17).
-237
Let g(x) = -51*x**2 + 778*x + 2793. Calculate g(-3).
0
Let u(n) = 2*n**2 - 72*n + 233. What is u(0)?
233
Let n(p) = -p**3 + 105*p**2 - 666*p + 82534. Determine n(106).
702
Let k(j) = j**3 + 2*j**2 - 3352*j - 10050. Give k(-3).
-3
Let h(j) = 128*j**2 + 2169*j - 109. What is h(-17)?
10
Let o(p) = 131*p + 3349. What is o(-23)?
336
Let m(b) = 102*b + 7198. Give m(-52).
1894
Let z(w) = -691*w + 51137. Calculate z(74).
3
Let d(v) = -v**3 - 112*v**2 + 3464*v - 957. Calculate d(25).
18
Let f(d) = 35*d - 1966. Determine f(100).
1534
Let f(r) = -921*r - 418112. Calculate f(-454).
22
Let a(n) = 3*n**3 + 9*n**2 - 391*n - 1960. Calculate a(-5).
-155
Let d(n) = -2*n**3 + 153*n**2 + 201*n - 9592. Determine d(77).
-44
Let b(j) = 1038*j - 235. Give b(0).
-235
Let r(g) = 569*g**2 - 5685*g - 58. Give r(10).
-8
Let o(y) = -2*y**3 + 226*y**2 + 228*y - 129. Give o(114).
-129
Let v(y) = 142*y**2 + 654*y - 255. Determine v(-5).
25
Let m(f) = f**3 + 315*f**2 - 5877*f - 853776. Give m(-325).
-1
Let p(l) = -4*l**3 - 2341*l**2 + 18367*l - 9477. What is p(-593)?
11
Let s(c) = c**3 + 287*c**2 - 17627*c + 309. Calculate s(-339).
-30
Let m(o) = 5575*o - 1705931. What is m(306)?
19
Let h(r) = -13042*r - 274635. What is h(-21)?
